{"id":1703,"date":"2021-10-18T20:23:27","date_gmt":"2021-10-18T20:23:27","guid":{"rendered":"http:\/\/antai.atthost24.pl\/?page_id=1703"},"modified":"2021-10-18T20:28:41","modified_gmt":"2021-10-18T20:28:41","slug":"rok-2019-podsumowanie","status":"publish","type":"page","link":"https:\/\/karate-antai.pl\/?page_id=1703","title":{"rendered":"Rok 2019 &#8211; podsumowanie"},"content":{"rendered":"\t\t<div data-elementor-type=\"wp-page\" data-elementor-id=\"1703\" class=\"elementor elementor-1703\">\n\t\t\t\t\t\t\t\t\t<section class=\"elementor-section elementor-top-section elementor-element elementor-element-6a20bd2 elementor-section-boxed elementor-section-height-default elementor-section-height-default\" data-id=\"6a20bd2\" data-element_type=\"section\">\n\t\t\t\t\t\t<div class=\"elementor-container elementor-column-gap-default\">\n\t\t\t\t\t<div class=\"elementor-column elementor-col-100 elementor-top-column elementor-element elementor-element-4da45ca\" data-id=\"4da45ca\" data-element_type=\"column\">\n\t\t\t<div class=\"elementor-widget-wrap elementor-element-populated\">\n\t\t\t\t\t\t\t\t<div class=\"elementor-element elementor-element-ebc4279 elementor-widget elementor-widget-heading\" data-id=\"ebc4279\" data-element_type=\"widget\" data-widget_type=\"heading.default\">\n\t\t\t\t<div class=\"elementor-widget-container\">\n\t\t\t<style>\/*! elementor - v3.8.1 - 13-11-2022 *\/\n.elementor-heading-title{padding:0;margin:0;line-height:1}.elementor-widget-heading .elementor-heading-title[class*=elementor-size-]>a{color:inherit;font-size:inherit;line-height:inherit}.elementor-widget-heading .elementor-heading-title.elementor-size-small{font-size:15px}.elementor-widget-heading .elementor-heading-title.elementor-size-medium{font-size:19px}.elementor-widget-heading .elementor-heading-title.elementor-size-large{font-size:29px}.elementor-widget-heading .elementor-heading-title.elementor-size-xl{font-size:39px}.elementor-widget-heading .elementor-heading-title.elementor-size-xxl{font-size:59px}<\/style><h2 class=\"elementor-heading-title elementor-size-default\">Rok 2019 - podsumowanie<\/h2>\t\t<\/div>\n\t\t\t\t<\/div>\n\t\t\t\t\t<\/div>\n\t\t<\/div>\n\t\t\t\t\t\t\t<\/div>\n\t\t<\/section>\n\t\t\t\t<section class=\"elementor-section elementor-top-section elementor-element elementor-element-5419d90 elementor-section-boxed elementor-section-height-default elementor-section-height-default\" data-id=\"5419d90\" data-element_type=\"section\">\n\t\t\t\t\t\t<div class=\"elementor-container elementor-column-gap-default\">\n\t\t\t\t\t<div class=\"elementor-column elementor-col-100 elementor-top-column elementor-element elementor-element-0581d58\" data-id=\"0581d58\" data-element_type=\"column\">\n\t\t\t<div class=\"elementor-widget-wrap elementor-element-populated\">\n\t\t\t\t\t\t\t\t<div class=\"elementor-element elementor-element-6f229a7 elementor-widget elementor-widget-text-editor\" data-id=\"6f229a7\" data-element_type=\"widget\" data-widget_type=\"text-editor.default\">\n\t\t\t\t<div class=\"elementor-widget-container\">\n\t\t\t<style>\/*! elementor - v3.8.1 - 13-11-2022 *\/\n.elementor-widget-text-editor.elementor-drop-cap-view-stacked .elementor-drop-cap{background-color:#818a91;color:#fff}.elementor-widget-text-editor.elementor-drop-cap-view-framed .elementor-drop-cap{color:#818a91;border:3px solid;background-color:transparent}.elementor-widget-text-editor:not(.elementor-drop-cap-view-default) .elementor-drop-cap{margin-top:8px}.elementor-widget-text-editor:not(.elementor-drop-cap-view-default) .elementor-drop-cap-letter{width:1em;height:1em}.elementor-widget-text-editor .elementor-drop-cap{float:left;text-align:center;line-height:1;font-size:50px}.elementor-widget-text-editor .elementor-drop-cap-letter{display:inline-block}<\/style>\t\t\t\t<p>W bie\u017c\u0105cym roku klub Karate ANTAI zdoby\u0142 \u0142\u0105cznie 191 medali:<\/p><ul><li>54 z\u0142ote<\/li><li>55 srebrnych<\/li><li>82 br\u0105zowe.<\/li><\/ul>\t\t\t\t\t\t<\/div>\n\t\t\t\t<\/div>\n\t\t\t\t\t<\/div>\n\t\t<\/div>\n\t\t\t\t\t\t\t<\/div>\n\t\t<\/section>\n\t\t\t\t<section class=\"elementor-section elementor-top-section elementor-element elementor-element-77e1f43 elementor-section-boxed elementor-section-height-default elementor-section-height-default\" data-id=\"77e1f43\" data-element_type=\"section\">\n\t\t\t\t\t\t<div class=\"elementor-container elementor-column-gap-default\">\n\t\t\t\t\t<div class=\"elementor-column elementor-col-100 elementor-top-column elementor-element elementor-element-6e9fa2e\" data-id=\"6e9fa2e\" data-element_type=\"column\">\n\t\t\t<div class=\"elementor-widget-wrap elementor-element-populated\">\n\t\t\t\t\t\t\t\t<div class=\"elementor-element elementor-element-7546fcd elementor-widget elementor-widget-text-editor\" data-id=\"7546fcd\" data-element_type=\"widget\" data-widget_type=\"text-editor.default\">\n\t\t\t\t<div class=\"elementor-widget-container\">\n\t\t\t\t\t\t\t<div id=\"page-zones__main-widgets__5e35a694889fd\" class=\"content widget js-widget\" data-name=\"content\" data-uniqueid=\"1ORohqnNw4eYVpe\" data-parentuniqueid=\"UAsopAzkvuFmAF0\">\n<div class=\"bk-content-text js-text-content wysihtml-editor-content\">\n<p><span class=\"wysiwyg-font-size-medium\"><b>24.02.2019r. Wielkopolska Otwarta Liga Karate we Wrze\u015bni.<br><\/b><\/span><b style=\"color: var( --e-global-color-e349450 ); font-family: var( --e-global-typography-text-font-family ), Sans-serif;\">Zdobyli\u015bmy 30 medali: 8 z\u0142otych, 8 srebrnych, 14 br\u0105zowych.<\/b><\/p>\n<p><b>MEDALE ZDOBYLI:<\/b><br>Z\u0142oto w Kumite: Mateusz Socha, Franek Przybylski, Kuba Malinowski,<br>Z\u0142oto w Kata: Agata Malinowska, Julia Wolny, Hania Pietrzykowska, Mateusz Socha, Nikodem Wolny<\/p>\n<p>Srebro w Kihon: Szymon Nowaczek,<br>Srebro w Kata: Agata Malinowska, Filip Osiewalski, Kuba Malinowski, Adam Pieczy\u0144ski, Kamila Buci\u0144ska, Mateusz Socha, Kuba Malinowski,<\/p>\n<p>Br\u0105z w Kumite: Maciej B\u0142otniak, Filip Hawryluk, Micha\u0142 Stefaniak, Filip Osiewalski, Sebastian Narolski|<br>Br\u0105z w Kata: Julia Wolny, Hania Pietrzykowska, Szymon Nowaczek, Jakub Glubs, Filip Hawryluk, Franek Przybylski, Adam Pieczy\u0144ski, Maciej B\u0142otniak, Filip Hawryluk<\/p>\n<p><span class=\"wysiwyg-font-size-medium\"><b>24.03.2019r. Wielkopolska Otwarta Liga Karate w Nekli<br><\/b><\/span><b style=\"color: var( --e-global-color-e349450 ); font-family: var( --e-global-typography-text-font-family ), Sans-serif;\">Klub Karate ANTAI zdoby\u0142 \u0142\u0105cznie 18 medali:<\/b><\/p><p>6 z\u0142otych, 3 srebrnych, 9 br\u0105zowych.<\/p>\n<p>Medale zdobyli\u015bmy w konkurencjach Kihon, Kata, Kata dru\u017cynowe i Kumite<br>MEDALE ZDOBYLI:<br>Z\u0142oto w Kumite: Mateusz Socha, Franek Przybylski<br>Z\u0142oto w Kata: Agata Malinowska, Julia Wolny, Hania Pietrzykowska, Mateusz Socha,<\/p>\n<p>Srebro w Kihon: Marcel Zi\u0119tara<br>Srebro w Kata: Agata Malinowska<br>Srebro kumite: Nabila Saleh<\/p>\n<p>Br\u0105z w Kumite: Nikodem Wolny<br>Br\u0105z w Kata: Adam Pieczynski, Nikodem Wolny, Kamila Bucinska, Mateusz Socha, Nikodem Wolny , Szymon Nowaczek<br>BR\u0104Z kihon: Pawe\u0142 Rabenda , Jan Pisarski<\/p>\n<p><span class=\"wysiwyg-font-size-medium\"><b>07.04.2019 SHOBU-KAN CUP<br><\/b><\/span><span style=\"color: var( --e-global-color-e349450 ); font-family: var( --e-global-typography-text-font-family ), Sans-serif; font-weight: var( --e-global-typography-text-font-weight );\">Og\u00f3lnopolski Turniej Karate SHOTOKAN<\/span><\/p><p><b>15 medali:&nbsp;<\/b><br>5 zlotych,<br>3 srebrne,<br>7 br\u0105zowych.<\/p>\n<p><b>Medale z\u0142ote zdobyli:<\/b><br>Micha\u0142 Stefaniak, Filip Osiewalski, Mateusz Socha &#8211; KATA DRU\u017bYNOWE<br>Mateusz Socha &#8211; KATA INDYWIDUALNE<br>Micha\u0142 Stefaniak &#8211; KUMITE INDYWIDUALNE<\/p>\n<p><b>Medale srebrne:<\/b><br>Mateusz Socha &#8211; KUMITE INDYWIDUALNE<br>Franek Przybylski &#8211; ippon KUMITE<br>Franek Przybylski &#8211; KATA INDYWIDUALNE<\/p>\n<p><b>Medale br\u0105zowe:<\/b><br>Alicja Bernacka- KATA INDYWIDUALNE<br>Micha\u0142 Stefaniak-KATA INDYWIDUALNE<br>Adam Pieczy\u0144ski &#8211; KATA INDYWIDUALNE<br>Mateusz Podkowiak &#8211; KATA INDYWIDUALNE<br>Mateusz Pierscinski &#8211; KATA INDYWIDUALNE<br>Bartosz Malinowski &#8211; ippon KUMITE<br>Nikodem Wolny &#8211; ippon KUMITE<\/p>\n<p><span class=\"wysiwyg-font-size-medium\"><b>9.O6.2019, POZNA\u0143. MISTRZOSTWA POLSKI KARATE SHOTOKAN PZK ORAZ PUCHAR POLSKI MASTERS I OTWARTE MISTRZOSTWA WIELKOPOLSKI KARATE SHOTOKAN POLZKIEGO ZWI\u0104ZKU KARATE<\/b><\/span><\/p>\n<p><b>Zdobyli\u015bmy \u0141ACZNIE 36 medali:<\/b><br>16 Z\u0141OTYCH<br>11 SREBRNYCH<br>9 BRAZOWYCH<\/p>\n<p><b>Z\u0142ote medale wywalczyli:<\/b><br>1. Mateusz Socha Kata indywidualne<br>2. Franek Przybylski kumite indywidualne<br>3. Natalia K\u0142onowska KATA<br>4.Marta Rak KATA<br>5. Pawe\u0142 Rabenda kata<br>6. Marta Rak kihon<br>7. Olek Bigus kihon<br>8. Pawe\u0142 Rabenda kihon<br>9. Jakub Glubs kihon<br>10. Marcel Zietara tor<br>11. Marcel Zietara kumite<br>12. Nikodem Wolny tor<br>13. Bartek Malinowski tor<br>14. Franek Przybylski dru\u017cyna<br>15. Filip Hawryluk dru\u017cyna<br>16. Adam Pieczy\u0144ski dru\u017cyna<\/p>\n<p><b>Srebrne medale:<\/b><\/p>\n<p>1. Bartek Malinowski kata<br>2. Micha\u0142 Stefaniak kumite<br>3. Kacper Swieboda KATA<br>4. Olek Bigus KATA<br>5. Leon Nowaczek KATA<br>6.Jakub Glubs KATA<br>7. Marcel Zietara kihon<br>8. Kacper Swieboda kihon<br>9. Leon Nowaczek kihon<br>10. Micha\u0142 Bartczak kihon<br>11.Franek Przybylski tor<\/p>\n<p><b>Br\u0105zowe medale:<\/b><\/p>\n<p>1. Adam Pieczy\u0144ski tor<br>2. Adam Pieczy\u0144ski KATA<br>3. Maciej B\u0142otniak KATA<br>4. Maciej B\u0142otniak kumite<br>5. Micha\u0142 Stefaniak KATA<br>6. Marcel Zietara KATA<br>7. Micha\u0142 Stefaniak KATA<br>8. Natalia K\u0142onowska kihon<br>9.Filip Zi\u00f3\u0142kowski kihon<\/p>\n<p><\/p>\n<p><span class=\"wysiwyg-font-size-medium\"><b>29. 09.2019 udzia\u0142 w Wielkopolska Liga Karate w Witkowie k\/Poznania<\/b><\/span><\/p>\n<p><b>Zdobyli\u015bmy \u0142\u0105cznie 19 medali: 8 z\u0142otych, 5 srebrnych i 6 br\u0105zowych.&nbsp;<\/b><br>W klasyfikacji og\u00f3lnej nasz Klub zaj\u0105\u0142 drugie miejsce na 15 klub\u00f3w startuj\u0105cych!<\/p>\n<p><b>Medale zdobyli:<\/b><\/p>\n<p>1.&nbsp;<b>Mateusz Socha<\/b>&nbsp;Z\u0141OTO KATA indywidualne,&nbsp;Z\u0141OTO KATA dru\u017cynowe,&nbsp;SREBRO KUMITE.<br>2.&nbsp;<b>Micha\u0142 Stefaniak<\/b>&nbsp;Z\u0141OTO KATA dru\u017cynowe, Z\u0141OTO KUMITE, BR\u0104Z KATA indywidualne.<br>3.&nbsp;<b>Franek Przybylski&nbsp;<\/b>Z\u0141OTO Fantom, SREBRO KUMITE, BR\u0104Z KATA INDYWIDUALNE.<br>4.&nbsp;<b>Jakub Glubs&nbsp;<\/b>SREBRO KATA INDYWIDUALNE, BR\u0104Z Kihon, BR\u0104Z KUMITE.<br>5.&nbsp;<b>Julia Nentwich&nbsp;<\/b>Z\u0141OTO KUMITE, BR\u0104Z KATA INDYWIDUALNE.<br>6.&nbsp;<b>Jeremiasz Kedzia&nbsp;<\/b>Z\u0141OTO KUMITE<br>7.&nbsp;<b>Maciej B\u0142otniak&nbsp;<\/b>Z\u0141OTO KATA DRU\u017bYNOWE, BR\u0104Z KATA INDYWIDUALNE.<br>8.&nbsp;<b>Pawe\u0142 Rabenda&nbsp;<\/b>SREBRO KATA INDYWIDUALNE, BR\u0104Z Kihon<\/p>\n<p><span class=\"wysiwyg-font-size-medium\"><b>06.10.2019 I Otwarty Turniej Karate ANTAI CUP w Baniach.<\/b><\/span><br><b>Zdobyli\u015bmy \u0142\u0105cznie 66 medali w tym 11 z\u0142otych, 20 srebrnych i 35 br\u0105zowych, co nam da\u0142o 1 miejsce w klasyfikacji medalowej.<\/b><\/p>\n<p><span class=\"wysiwyg-font-size-medium\"><b>26.10.2019 r Mistrzostwach Polski JKA Grodzisk Mazowiecki<\/b><\/span><br><b>Zdobyli\u015bmy \u0142\u0105cznie 7&nbsp;medali:<\/b><\/p>\n<p>1. Agata Malinowska SREBRO w Kata dru\u017cynowym<br>2. Agata Malinowska SREBRO w Kata indywidualne<br>3. Hania Pietrzykowska SREBRO w Kata dru\u017cynowym<br>4.Hania Pietrzykowska BR\u0104Z KATA INDYWIDUALNE<br>5. Julia Wolny SREBRO w Kata dru\u017cynowym<br>6. Maciej B\u0142otniak SREBRO KATA INDYWIDUALNE<br>7. Mateusz Socha BR\u0104Z KATA INDYWIDUALNE<\/p>\n<p><b><span class=\"wysiwyg-font-size-medium\">30.11.2019 na Hali rekreacyjno-sportowej w Lipianach odby\u0142 si\u0119 Wewn\u0119trzny Turniej Miko\u0142ajkowy Karate ANTAI<\/span><\/b><br>W turnieju udzia\u0142 wzi\u0119\u0142o prawie 120 zawodnik\u00f3w w konkurencjach kihon, Kata oraz Kumite.<\/p>\n<p>Ka\u017cdy uczestnik naszego turnieju wraz z opiekunem mia\u0142 zagwarantowany ciep\u0142y posi\u0142ek, s\u0142odkie przek\u0105ski, owoce, napoje, a przede wszystkim ka\u017cdy uczestnik otrzyma\u0142 pami\u0105tkowy medal wraz z dyplomem oraz klubowy worek pe\u0142en s\u0142odyczy.<\/p>\n<\/div>\n<\/div>\n<div id=\"page-zones__main-widgets__5e28cdc811e46\" class=\"line widget js-widget\" data-name=\"line\" data-uniqueid=\"u122IkkvpoGbGzx\" data-parentuniqueid=\"UAsopAzkvuFmAF0\">\n<hr class=\"line\">\n<\/div>\n<div id=\"page-zones__main-widgets__5e35a5f60443a\" class=\"content widget js-widget\" data-name=\"content\" data-uniqueid=\"UMv9QMHX6trOzWi\" data-parentuniqueid=\"UAsopAzkvuFmAF0\">\n<div class=\"bk-content-text js-text-content wysihtml-editor-content\">\n<h1>Wydarzenia w 2019 roku<\/h1>\n<\/div>\n<\/div>\n<div id=\"page-zones__main-widgets__5de5118eeb03c\" class=\"content widget js-widget\" data-name=\"content\" data-uniqueid=\"1gjG5sWWIFLaOLp\" data-parentuniqueid=\"UAsopAzkvuFmAF0\">\n<div class=\"bk-content-text js-text-content wysihtml-editor-content\">\n<h1>30.11.2019&nbsp; Turniej Miko\u0142ajkowy Karate ANTAI<\/h1>\n<\/div>\n<\/div>\n<div id=\"page-zones__main-widgets__5de511b325806\" class=\"content widget js-widget\" data-name=\"content\" data-uniqueid=\"g1notawH3O4tvuz\" data-parentuniqueid=\"UAsopAzkvuFmAF0\">\n<div class=\"bk-content-text js-text-content wysihtml-editor-content\">\n<p>30 listopada 2019 na Hali rekreacyjno-sportowej w Lipianach odby\u0142 si\u0119 Wewn\u0119trzny Turniej Miko\u0142ajkowy Karate ANTAI.<br>W turnieju udzia\u0142 wzi\u0119\u0142o prawie 120 zawodnik\u00f3w w konkurencjach kihon, Kata oraz Kumite.<br>Ka\u017cdy uczestnik naszego turnieju wraz z opiekunem mia\u0142 zagwarantowany ciep\u0142y posi\u0142ek, s\u0142odkie przek\u0105ski, owoce, napoje, a przede wszystkim ka\u017cdy uczestnik otrzyma\u0142 pami\u0105tkowy medal wraz z dyplomem oraz klubowy plecako-worek pe\u0142en s\u0142odyczy.&nbsp;Dodatkowo za pierwsze, drugie i trzecie miejsce zawodnicy otrzymali okoliczno\u015bciow\u0105 kartk\u0119 uk\u0142adank\u0119, kt\u00f3ra ma symbolizowa\u0107 nadchodz\u0105ce \u015awi\u0119ta Bo\u017cego Narodzenia.<\/p>\n<p>Nasz turniej na pewno nie odby\u0142by si\u0119 bez pomocy wielu os\u00f3b oraz instytucji. Chcieliby\u015bmy podzi\u0119kowa\u0107 wszystkim rodzicom, kt\u00f3rzy zaanga\u017cowali si\u0119 w przygotowanie turnieju, kt\u00f3rzy przygotowali ciep\u0142e posi\u0142ki, rodzicom kt\u00f3rzy do samego ko\u0144ca pokazali, \u017ce wsp\u00f3lnymi si\u0142ami mo\u017cna du\u017co zrobi\u0107 dla naszych podopiecznych.<\/p>\n<p>Dzi\u0119kujemy wolontariuszom za obs\u0142ug\u0119 kateringow\u0105. Pani Wies\u0142awie, Kamili, Edycie, Beacie oraz ca\u0142ej obsadzie z Ko\u0142a Gospody\u0144 Wiejskich z Parsowa za pyszne pierogi by\u0142o ich ponad 600!<br>Dzi\u0119kujemy Gminie Lipiany oraz Panu Burmistrzowi za obj\u0119cie Turnieju patronatem.<br>Dzi\u0119kujemy Miejsko-Gminnemu O\u015brodkowi Kultury w Lipianach za pomoc oraz nag\u0142o\u015bnienie.<\/p>\n<p>Dzi\u0119kujemy za pomoc w organizacji Turnieju:<br>&#8211; Wicemarsza\u0142kowi Wojew\u00f3dztwa Zachodniopomorskiego<br>&#8211; Przecinek reklama &#8211; nadruki<br>&#8211; Igeo Rafa\u0142 Nowak<br>&#8211; Forma Shop<br>&#8211; Obs\u0142udze Hali sportowej w Lipianach<br>&#8211; Grawerowanie 3D<br>&#8211; MG Studio<br>&#8211; KARR<br>&#8211; Pomorze Zachodnie<br>&#8211; pani Agnieszce z Programu Spo\u0142ecznik<br>Przypominamy \u017ce zadanie publiczne by\u0142o sfinansowane ze \u015brodk\u00f3w z bud\u017cetu Wojew\u00f3dztwa Zachodniopomorskiego.<br>Dzi\u0119kujemy bardzo!!!<br><b>ARIGATO OSS!!!<\/b><\/p>\n<\/div>\n<\/div>\t\t\t\t\t\t<\/div>\n\t\t\t\t<\/div>\n\t\t\t\t\t<\/div>\n\t\t<\/div>\n\t\t\t\t\t\t\t<\/div>\n\t\t<\/section>\n\t\t\t\t\t\t\t<\/div>\n\t\t","protected":false},"excerpt":{"rendered":"<p>Rok 2019 &#8211; podsumowanie W bie\u017c\u0105cym roku klub Karate ANTAI zdoby\u0142 \u0142\u0105cznie 191 medali: 54 z\u0142ote 55 srebrnych 82 br\u0105zowe. 24.02.2019r. Wielkopolska Otwarta Liga Karate we Wrze\u015bni.Zdobyli\u015bmy 30 medali: 8 z\u0142otych, 8 srebrnych, 14 br\u0105zowych. MEDALE ZDOBYLI:Z\u0142oto w Kumite: Mateusz Socha, Franek Przybylski, Kuba Malinowski,Z\u0142oto w Kata: Agata Malinowska, Julia Wolny, Hania Pietrzykowska, Mateusz Socha, Nikodem Wolny Srebro w Kihon: [&hellip;]<\/p>\n","protected":false},"author":1,"featured_media":0,"parent":0,"menu_order":0,"comment_status":"closed","ping_status":"closed","template":"","meta":{"footnotes":""},"class_list":["post-1703","page","type-page","status-publish","hentry"],"_links":{"self":[{"href":"https:\/\/karate-antai.pl\/index.php?rest_route=\/wp\/v2\/pages\/1703","targetHints":{"allow":["GET"]}}],"collection":[{"href":"https:\/\/karate-antai.pl\/index.php?rest_route=\/wp\/v2\/pages"}],"about":[{"href":"https:\/\/karate-antai.pl\/index.php?rest_route=\/wp\/v2\/types\/page"}],"author":[{"embeddable":true,"href":"https:\/\/karate-antai.pl\/index.php?rest_route=\/wp\/v2\/users\/1"}],"replies":[{"embeddable":true,"href":"https:\/\/karate-antai.pl\/index.php?rest_route=%2Fwp%2Fv2%2Fcomments&post=1703"}],"version-history":[{"count":3,"href":"https:\/\/karate-antai.pl\/index.php?rest_route=\/wp\/v2\/pages\/1703\/revisions"}],"predecessor-version":[{"id":1706,"href":"https:\/\/karate-antai.pl\/index.php?rest_route=\/wp\/v2\/pages\/1703\/revisions\/1706"}],"wp:attachment":[{"href":"https:\/\/karate-antai.pl\/index.php?rest_route=%2Fwp%2Fv2%2Fmedia&parent=1703"}],"curies":[{"name":"wp","href":"https:\/\/api.w.org\/{rel}","templated":true}]}}